{"id":5824,"date":"2022-02-26T21:44:23","date_gmt":"2022-02-26T21:44:23","guid":{"rendered":"http:\/\/grupo-zuniga.com\/proyectos\/giz\/?page_id=5824"},"modified":"2023-02-24T13:10:51","modified_gmt":"2023-02-24T13:10:51","slug":"gobernanza-del-proyecto","status":"publish","type":"page","link":"https:\/\/distribucionelectrica4.minem.gob.pe\/giz\/?page_id=5824","title":{"rendered":"Gobernanza del Proyecto"},"content":{"rendered":"\t\t<div data-elementor-type=\"wp-page\" data-elementor-id=\"5824\" class=\"elementor elementor-5824\" data-elementor-settings=\"[]\">\r\n\t\t\t\t\t\t\t<div class=\"elementor-section-wrap\">\r\n\t\t\t\t\t\t\t<section class=\"elementor-section elementor-top-section elementor-element elementor-element-fc6ddf8 elementor-section-boxed elementor-section-height-default elementor-section-height-default\" data-id=\"fc6ddf8\" data-element_type=\"section\">\r\n\t\t\t\t\t\t<div class=\"elementor-container elementor-column-gap-default\">\r\n\t\t\t\t\t<div class=\"elementor-column elementor-col-100 elementor-top-column elementor-element elementor-element-eb63eeb\" data-id=\"eb63eeb\" data-element_type=\"column\">\r\n\t\t\t<div class=\"elementor-widget-wrap elementor-element-populated\">\r\n\t\t\t\t\t\t\t\t<div class=\"elementor-element elementor-element-665bb81 elementor-widget elementor-widget-heading\" data-id=\"665bb81\" data-element_type=\"widget\" data-widget_type=\"heading.default\">\r\n\t\t\t\t<div class=\"elementor-widget-container\">\r\n\t\t\t<style>\/*! elementor - v3.5.6 - 28-02-2022 *\/\r\n.elementor-heading-title{padding:0;margin:0;line-height:1}.elementor-widget-heading .elementor-heading-title[class*=elementor-size-]>a{color:inherit;font-size:inherit;line-height:inherit}.elementor-widget-heading .elementor-heading-title.elementor-size-small{font-size:15px}.elementor-widget-heading .elementor-heading-title.elementor-size-medium{font-size:19px}.elementor-widget-heading .elementor-heading-title.elementor-size-large{font-size:29px}.elementor-widget-heading .elementor-heading-title.elementor-size-xl{font-size:39px}.elementor-widget-heading .elementor-heading-title.elementor-size-xxl{font-size:59px}<\/style><h2 class=\"elementor-heading-title elementor-size-default\">Gobernanza<\/h2>\t\t<\/div>\r\n\t\t\t\t<\/div>\r\n\t\t\t\t<div class=\"elementor-element elementor-element-a96d007 elementor-widget elementor-widget-text-editor\" data-id=\"a96d007\" data-element_type=\"widget\" data-widget_type=\"text-editor.default\">\r\n\t\t\t\t<div class=\"elementor-widget-container\">\r\n\t\t\t<style>\/*! elementor - v3.5.6 - 28-02-2022 *\/\r\n.elementor-widget-text-editor.elementor-drop-cap-view-stacked .elementor-drop-cap{background-color:#818a91;color:#fff}.elementor-widget-text-editor.elementor-drop-cap-view-framed .elementor-drop-cap{color:#818a91;border:3px solid;background-color:transparent}.elementor-widget-text-editor:not(.elementor-drop-cap-view-default) .elementor-drop-cap{margin-top:8px}.elementor-widget-text-editor:not(.elementor-drop-cap-view-default) .elementor-drop-cap-letter{width:1em;height:1em}.elementor-widget-text-editor .elementor-drop-cap{float:left;text-align:center;line-height:1;font-size:50px}.elementor-widget-text-editor .elementor-drop-cap-letter{display:inline-block}<\/style>\t\t\t\t<p>El Proyecto Distribuci\u00f3n El\u00e9ctrica 4.0 constituye un sistema de cooperaci\u00f3n entre varios actores, fruto de la cooperaci\u00f3n entre Per\u00fa y Alemania. Las decisiones en este sistema, no se toman en forma jer\u00e1rquica, sino en forma colegiada. Por esto, se ha definido una estructura que, en forma conjunta, prepare y tome las decisiones relevantes para la ejecuci\u00f3n del Proyecto. Dichas decisiones est\u00e1n relacionadas con orientaciones desde el nivel normativo-pol\u00edtico hasta el nivel estrat\u00e9gico y operativo.\u00a0 La estructura de conducci\u00f3n aporta transparencia y claridad acerca de las responsabilidades y roles. Sienta las bases para que los actores est\u00e9n informados y se apropien del Proyecto, la generaci\u00f3n de sinergias interinstitucionales y la escalabilidad y sostenibilidad de lo realizado.<\/p>\t\t\t\t\t\t<\/div>\r\n\t\t\t\t<\/div>\r\n\t\t\t\t<div class=\"elementor-element elementor-element-389feaa elementor-widget elementor-widget-image\" data-id=\"389feaa\" data-element_type=\"widget\" data-widget_type=\"image.default\">\r\n\t\t\t\t<div class=\"elementor-widget-container\">\r\n\t\t\t<style>\/*! elementor - v3.5.6 - 28-02-2022 *\/\r\n.elementor-widget-image{text-align:center}.elementor-widget-image a{display:inline-block}.elementor-widget-image a img[src$=\".svg\"]{width:48px}.elementor-widget-image img{vertical-align:middle;display:inline-block}<\/style>\t\t\t\t\t\t\t\t\t\t\t\t<img width=\"1024\" height=\"576\" src=\"https:\/\/distribucionelectrica4.minem.gob.pe\/giz\/wp-content\/uploads\/2020\/07\/estructura-de-conduccion-del-proyecto-1024x576.jpg\" class=\"attachment-large size-large\" alt=\"\" loading=\"lazy\" srcset=\"https:\/\/distribucionelectrica4.minem.gob.pe\/giz\/wp-content\/uploads\/2020\/07\/estructura-de-conduccion-del-proyecto-1024x576.jpg 1024w, https:\/\/distribucionelectrica4.minem.gob.pe\/giz\/wp-content\/uploads\/2020\/07\/estructura-de-conduccion-del-proyecto-300x169.jpg 300w, https:\/\/distribucionelectrica4.minem.gob.pe\/giz\/wp-content\/uploads\/2020\/07\/estructura-de-conduccion-del-proyecto-768x432.jpg 768w, https:\/\/distribucionelectrica4.minem.gob.pe\/giz\/wp-content\/uploads\/2020\/07\/estructura-de-conduccion-del-proyecto-1536x864.jpg 1536w, https:\/\/distribucionelectrica4.minem.gob.pe\/giz\/wp-content\/uploads\/2020\/07\/estructura-de-conduccion-del-proyecto-2048x1152.jpg 2048w, https:\/\/distribucionelectrica4.minem.gob.pe\/giz\/wp-content\/uploads\/2020\/07\/estructura-de-conduccion-del-proyecto-600x338.jpg 600w, https:\/\/distribucionelectrica4.minem.gob.pe\/giz\/wp-content\/uploads\/2020\/07\/estructura-de-conduccion-del-proyecto-560x315.jpg 560w\" sizes=\"(max-width: 1024px) 100vw, 1024px\" \/>\t\t\t\t\t\t\t\t\t\t\t\t\t\t\t<\/div>\r\n\t\t\t\t<\/div>\r\n\t\t\t\t\t<\/div>\r\n\t\t<\/div>\r\n\t\t\t\t\t\t\t<\/div>\r\n\t\t<\/section>\r\n\t\t\t\t\t\t<\/div>\r\n\t\t\t\t\t<\/div>\r\n\t\t","protected":false},"excerpt":{"rendered":"<p>Gobernanza El Proyecto Distribuci\u00f3n El\u00e9ctrica 4.0 constituye un sistema de cooperaci\u00f3n entre varios actores, fruto de la cooperaci\u00f3n entre Per\u00fa y Alemania. Las decisiones en este sistema, no se toman en forma jer\u00e1rquica, sino en forma colegiada. Por esto, se ha definido una estructura que, en forma conjunta, prepare y tome las decisiones relevantes para [&hellip;]<\/p>\n<div class=\"pvc_clear\"><\/div>\n<p id=\"pvc_stats_5824\" class=\"pvc_stats all  \" data-element-id=\"5824\" style=\"\"><i class=\"pvc-stats-icon large\" aria-hidden=\"true\"><svg aria-hidden=\"true\" focusable=\"false\" data-prefix=\"far\" data-icon=\"chart-bar\" role=\"img\" xmlns=\"http:\/\/www.w3.org\/2000\/svg\" viewBox=\"0 0 512 512\" class=\"svg-inline--fa fa-chart-bar fa-w-16 fa-2x\"><path fill=\"currentColor\" d=\"M396.8 352h22.4c6.4 0 12.8-6.4 12.8-12.8V108.8c0-6.4-6.4-12.8-12.8-12.8h-22.4c-6.4 0-12.8 6.4-12.8 12.8v230.4c0 6.4 6.4 12.8 12.8 12.8zm-192 0h22.4c6.4 0 12.8-6.4 12.8-12.8V140.8c0-6.4-6.4-12.8-12.8-12.8h-22.4c-6.4 0-12.8 6.4-12.8 12.8v198.4c0 6.4 6.4 12.8 12.8 12.8zm96 0h22.4c6.4 0 12.8-6.4 12.8-12.8V204.8c0-6.4-6.4-12.8-12.8-12.8h-22.4c-6.4 0-12.8 6.4-12.8 12.8v134.4c0 6.4 6.4 12.8 12.8 12.8zM496 400H48V80c0-8.84-7.16-16-16-16H16C7.16 64 0 71.16 0 80v336c0 17.67 14.33 32 32 32h464c8.84 0 16-7.16 16-16v-16c0-8.84-7.16-16-16-16zm-387.2-48h22.4c6.4 0 12.8-6.4 12.8-12.8v-70.4c0-6.4-6.4-12.8-12.8-12.8h-22.4c-6.4 0-12.8 6.4-12.8 12.8v70.4c0 6.4 6.4 12.8 12.8 12.8z\" class=\"\"><\/path><\/svg><\/i> <img loading=\"lazy\" width=\"16\" height=\"16\" alt=\"Loading\" src=\"https:\/\/distribucionelectrica4.minem.gob.pe\/giz\/wp-content\/plugins\/page-views-count\/ajax-loader-2x.gif\" border=0 \/><\/p>\n<div class=\"pvc_clear\"><\/div>\n","protected":false},"author":1,"featured_media":0,"parent":0,"menu_order":0,"comment_status":"closed","ping_status":"closed","template":"elementor_header_footer","meta":{"inline_featured_image":false},"_links":{"self":[{"href":"https:\/\/distribucionelectrica4.minem.gob.pe\/giz\/index.php?rest_route=\/wp\/v2\/pages\/5824"}],"collection":[{"href":"https:\/\/distribucionelectrica4.minem.gob.pe\/giz\/index.php?rest_route=\/wp\/v2\/pages"}],"about":[{"href":"https:\/\/distribucionelectrica4.minem.gob.pe\/giz\/index.php?rest_route=\/wp\/v2\/types\/page"}],"author":[{"embeddable":true,"href":"https:\/\/distribucionelectrica4.minem.gob.pe\/giz\/index.php?rest_route=\/wp\/v2\/users\/1"}],"replies":[{"embeddable":true,"href":"https:\/\/distribucionelectrica4.minem.gob.pe\/giz\/index.php?rest_route=%2Fwp%2Fv2%2Fcomments&post=5824"}],"version-history":[{"count":44,"href":"https:\/\/distribucionelectrica4.minem.gob.pe\/giz\/index.php?rest_route=\/wp\/v2\/pages\/5824\/revisions"}],"predecessor-version":[{"id":7985,"href":"https:\/\/distribucionelectrica4.minem.gob.pe\/giz\/index.php?rest_route=\/wp\/v2\/pages\/5824\/revisions\/7985"}],"wp:attachment":[{"href":"https:\/\/distribucionelectrica4.minem.gob.pe\/giz\/index.php?rest_route=%2Fwp%2Fv2%2Fmedia&parent=5824"}],"curies":[{"name":"wp","href":"https:\/\/api.w.org\/{rel}","templated":true}]}}