{"id":7331,"date":"2022-07-13T20:49:52","date_gmt":"2022-07-13T20:49:52","guid":{"rendered":"http:\/\/172.25.0.109\/giz\/?page_id=7331"},"modified":"2023-06-06T15:09:32","modified_gmt":"2023-06-06T15:09:32","slug":"programa-de-capacitacion","status":"publish","type":"page","link":"https:\/\/distribucionelectrica4.minem.gob.pe\/giz\/?page_id=7331","title":{"rendered":"Programa de Capacitaci\u00f3n"},"content":{"rendered":"\t\t<div data-elementor-type=\"wp-page\" data-elementor-id=\"7331\" class=\"elementor elementor-7331\" data-elementor-settings=\"[]\">\r\n\t\t\t\t\t\t\t<div class=\"elementor-section-wrap\">\r\n\t\t\t\t\t\t\t<section class=\"elementor-section elementor-top-section elementor-element elementor-element-90b3ce9 elementor-section-boxed elementor-section-height-default elementor-section-height-default\" data-id=\"90b3ce9\" data-element_type=\"section\" data-settings=\"{&quot;background_background&quot;:&quot;classic&quot;}\">\r\n\t\t\t\t\t\t<div class=\"elementor-container elementor-column-gap-default\">\r\n\t\t\t\t\t<div class=\"elementor-column elementor-col-50 elementor-top-column elementor-element elementor-element-361804f\" data-id=\"361804f\" data-element_type=\"column\">\r\n\t\t\t<div class=\"elementor-widget-wrap elementor-element-populated\">\r\n\t\t\t\t\t\t\t\t<div class=\"elementor-element elementor-element-ddffc4f elementor-widget elementor-widget-heading\" data-id=\"ddffc4f\" data-element_type=\"widget\" data-widget_type=\"heading.default\">\r\n\t\t\t\t<div class=\"elementor-widget-container\">\r\n\t\t\t<style>\/*! elementor - v3.5.6 - 28-02-2022 *\/\r\n.elementor-heading-title{padding:0;margin:0;line-height:1}.elementor-widget-heading .elementor-heading-title[class*=elementor-size-]>a{color:inherit;font-size:inherit;line-height:inherit}.elementor-widget-heading .elementor-heading-title.elementor-size-small{font-size:15px}.elementor-widget-heading .elementor-heading-title.elementor-size-medium{font-size:19px}.elementor-widget-heading .elementor-heading-title.elementor-size-large{font-size:29px}.elementor-widget-heading .elementor-heading-title.elementor-size-xl{font-size:39px}.elementor-widget-heading .elementor-heading-title.elementor-size-xxl{font-size:59px}<\/style><h2 class=\"elementor-heading-title elementor-size-default\">Programa de Capacitaci\u00f3n:<br>Transformaci\u00f3n hacia las Redes El\u00e9ctricas Inteligentes en Empresas de Distribuci\u00f3n El\u00e9ctrica<\/h2>\t\t<\/div>\r\n\t\t\t\t<\/div>\r\n\t\t\t\t<div class=\"elementor-element elementor-element-7026766 elementor-widget elementor-widget-text-editor\" data-id=\"7026766\" data-element_type=\"widget\" data-widget_type=\"text-editor.default\">\r\n\t\t\t\t<div class=\"elementor-widget-container\">\r\n\t\t\t<style>\/*! elementor - v3.5.6 - 28-02-2022 *\/\r\n.elementor-widget-text-editor.elementor-drop-cap-view-stacked .elementor-drop-cap{background-color:#818a91;color:#fff}.elementor-widget-text-editor.elementor-drop-cap-view-framed .elementor-drop-cap{color:#818a91;border:3px solid;background-color:transparent}.elementor-widget-text-editor:not(.elementor-drop-cap-view-default) .elementor-drop-cap{margin-top:8px}.elementor-widget-text-editor:not(.elementor-drop-cap-view-default) .elementor-drop-cap-letter{width:1em;height:1em}.elementor-widget-text-editor .elementor-drop-cap{float:left;text-align:center;line-height:1;font-size:50px}.elementor-widget-text-editor .elementor-drop-cap-letter{display:inline-block}<\/style>\t\t\t\t<p>El programa virtual\u00a0 en vivo que prepara a los profesionales del sector distribuci\u00f3n frente a la din\u00e1mica y tendencias de los mercados mundiales y las perspectivas en el desarrollo de la reforma el\u00e9ctrica propuesta por el MINEM plasmado en el marco conceptual del Libro Blanco; proporcionando conocimientos espec\u00edficos de las pr\u00e1cticas, tendencias y retos que enfrenta el sector distribuci\u00f3n el\u00e9ctrica.\u00a0<\/p><p>Genera un valor diferencial para el participante, al ser el \u00fanico programa de formaci\u00f3n enfocada en la transformaci\u00f3n del sector de distribuci\u00f3n el\u00e9ctrica incluyendo t\u00f3picos m\u00e1s relevantes como conceptos y tecnolog\u00edas Smart Grid, recursos energ\u00e9ticos distribuidos (generaci\u00f3n distribuida, almacenamiento de energ\u00eda, gesti\u00f3n de la demanda, veh\u00edculos el\u00e9ctricos), planificaci\u00f3n el\u00e9ctrica con DER , modelos arquitecturales Smart Grid, cambio clim\u00e1tico, entre otros.<\/p>\t\t\t\t\t\t<\/div>\r\n\t\t\t\t<\/div>\r\n\t\t\t\t<div class=\"elementor-element elementor-element-f726933 elementor-widget elementor-widget-button\" data-id=\"f726933\" data-element_type=\"widget\" data-widget_type=\"button.default\">\r\n\t\t\t\t<div class=\"elementor-widget-container\">\r\n\t\t\t\t\t<div class=\"elementor-button-wrapper\">\r\n\t\t\t<a href=\"https:\/\/distribucionelectrica4.minem.gob.pe\/giz\/wp-content\/uploads\/2020\/07\/Programa-de-Capacitacion-actualizado.pdf\" class=\"elementor-button-link elementor-button elementor-size-sm\" role=\"button\">\r\n\t\t\t\t\t\t<span class=\"elementor-button-content-wrapper\">\r\n\t\t\t\t\t\t<span class=\"elementor-button-text\">Descargar programa completo<\/span>\r\n\t\t<\/span>\r\n\t\t\t\t\t<\/a>\r\n\t\t<\/div>\r\n\t\t\t\t<\/div>\r\n\t\t\t\t<\/div>\r\n\t\t\t\t<div class=\"elementor-element elementor-element-79d288e elementor-widget elementor-widget-spacer\" data-id=\"79d288e\" data-element_type=\"widget\" data-widget_type=\"spacer.default\">\r\n\t\t\t\t<div class=\"elementor-widget-container\">\r\n\t\t\t\t\t<div class=\"elementor-spacer\">\r\n\t\t\t<div class=\"elementor-spacer-inner\"><\/div>\r\n\t\t<\/div>\r\n\t\t\t\t<\/div>\r\n\t\t\t\t<\/div>\r\n\t\t\t\t<div class=\"elementor-element elementor-element-243ad04 elementor-widget elementor-widget-button\" data-id=\"243ad04\" data-element_type=\"widget\" data-widget_type=\"button.default\">\r\n\t\t\t\t<div class=\"elementor-widget-container\">\r\n\t\t\t\t\t<div class=\"elementor-button-wrapper\">\r\n\t\t\t<a href=\"https:\/\/distribucionelectrica4.minem.gob.pe\/giz\/?cat=92\" class=\"elementor-button-link elementor-button elementor-size-sm\" role=\"button\">\r\n\t\t\t\t\t\t<span class=\"elementor-button-content-wrapper\">\r\n\t\t\t\t\t\t<span class=\"elementor-button-text\">Ver cursos<\/span>\r\n\t\t<\/span>\r\n\t\t\t\t\t<\/a>\r\n\t\t<\/div>\r\n\t\t\t\t<\/div>\r\n\t\t\t\t<\/div>\r\n\t\t\t\t\t<\/div>\r\n\t\t<\/div>\r\n\t\t\t\t<div class=\"elementor-column elementor-col-50 elementor-top-column elementor-element elementor-element-be44bc7\" data-id=\"be44bc7\" data-element_type=\"column\">\r\n\t\t\t<div class=\"elementor-widget-wrap elementor-element-populated\">\r\n\t\t\t\t\t\t\t\t<div class=\"elementor-element elementor-element-e93fba1 elementor-widget elementor-widget-image\" data-id=\"e93fba1\" data-element_type=\"widget\" data-widget_type=\"image.default\">\r\n\t\t\t\t<div class=\"elementor-widget-container\">\r\n\t\t\t<style>\/*! elementor - v3.5.6 - 28-02-2022 *\/\r\n.elementor-widget-image{text-align:center}.elementor-widget-image a{display:inline-block}.elementor-widget-image a img[src$=\".svg\"]{width:48px}.elementor-widget-image img{vertical-align:middle;display:inline-block}<\/style>\t\t\t\t\t\t\t\t\t\t\t\t<img width=\"1002\" height=\"1024\" src=\"https:\/\/distribucionelectrica4.minem.gob.pe\/giz\/wp-content\/uploads\/2020\/07\/Portada-1002x1024.jpg\" class=\"attachment-large size-large\" alt=\"\" loading=\"lazy\" srcset=\"https:\/\/distribucionelectrica4.minem.gob.pe\/giz\/wp-content\/uploads\/2020\/07\/Portada-1002x1024.jpg 1002w, https:\/\/distribucionelectrica4.minem.gob.pe\/giz\/wp-content\/uploads\/2020\/07\/Portada-294x300.jpg 294w, https:\/\/distribucionelectrica4.minem.gob.pe\/giz\/wp-content\/uploads\/2020\/07\/Portada-768x785.jpg 768w, https:\/\/distribucionelectrica4.minem.gob.pe\/giz\/wp-content\/uploads\/2020\/07\/Portada-1503x1536.jpg 1503w, https:\/\/distribucionelectrica4.minem.gob.pe\/giz\/wp-content\/uploads\/2020\/07\/Portada-2004x2048.jpg 2004w, https:\/\/distribucionelectrica4.minem.gob.pe\/giz\/wp-content\/uploads\/2020\/07\/Portada-587x600.jpg 587w, https:\/\/distribucionelectrica4.minem.gob.pe\/giz\/wp-content\/uploads\/2020\/07\/Portada-548x560.jpg 548w\" sizes=\"(max-width: 1002px) 100vw, 1002px\" \/>\t\t\t\t\t\t\t\t\t\t\t\t\t\t\t<\/div>\r\n\t\t\t\t<\/div>\r\n\t\t\t\t\t<\/div>\r\n\t\t<\/div>\r\n\t\t\t\t\t\t\t<\/div>\r\n\t\t<\/section>\r\n\t\t\t\t<section class=\"elementor-section elementor-top-section elementor-element elementor-element-f0244e6 elementor-section-boxed elementor-section-height-default elementor-section-height-default\" data-id=\"f0244e6\" data-element_type=\"section\" data-settings=\"{&quot;background_background&quot;:&quot;classic&quot;}\">\r\n\t\t\t\t\t\t<div class=\"elementor-container elementor-column-gap-default\">\r\n\t\t\t\t\t<div class=\"elementor-column elementor-col-50 elementor-top-column elementor-element elementor-element-1e75f8f\" data-id=\"1e75f8f\" data-element_type=\"column\">\r\n\t\t\t<div class=\"elementor-widget-wrap elementor-element-populated\">\r\n\t\t\t\t\t\t\t\t<div class=\"elementor-element elementor-element-9de1e2e elementor-widget elementor-widget-heading\" data-id=\"9de1e2e\" data-element_type=\"widget\" data-widget_type=\"heading.default\">\r\n\t\t\t\t<div class=\"elementor-widget-container\">\r\n\t\t\t<h2 class=\"elementor-heading-title elementor-size-default\">Programa de Capacitaci\u00f3n Asincr\u00f3nico:<br>Transformaci\u00f3n hacia las Redes El\u00e9ctricas Inteligentes<\/h2>\t\t<\/div>\r\n\t\t\t\t<\/div>\r\n\t\t\t\t<div class=\"elementor-element elementor-element-d1bb1ca elementor-widget elementor-widget-text-editor\" data-id=\"d1bb1ca\" data-element_type=\"widget\" data-widget_type=\"text-editor.default\">\r\n\t\t\t\t<div class=\"elementor-widget-container\">\r\n\t\t\t\t\t\t\t<p>El programa virtual\u00a0 asincr\u00f3nico prepara a los profesionales del sector distribuci\u00f3n el\u00e9ctrica frente a la din\u00e1mica y tendencias de los mercados mundiales y las perspectivas en el desarrollo de la reforma el\u00e9ctrica propuesta por el MINEM plasmado en el marco conceptual del Libro Blanco; proporcionando conocimientos espec\u00edficos de las pr\u00e1cticas, tendencias y retos que enfrenta el sector distribuci\u00f3n el\u00e9ctrica.\u00a0<\/p><p>Este curso de autoaprendizaje est\u00e1 dirigido a\u00a0profesionales, de las diferentes Empresas de Distribuci\u00f3n\u00a0El\u00e9ctrica, pero tambi\u00e9n puedes participar si tienes\u00a0conocimientos del sector energ\u00eda, trabajas de manera\u00a0particular o tienes inter\u00e9s en el tema. Por ser un curso\u00a0independiente, no se necesita ning\u00fan curso\u00a0prerrequisito para poder desarrollarlo.\u00a0<\/p>\t\t\t\t\t\t<\/div>\r\n\t\t\t\t<\/div>\r\n\t\t\t\t<div class=\"elementor-element elementor-element-eeac494 elementor-widget elementor-widget-button\" data-id=\"eeac494\" data-element_type=\"widget\" data-widget_type=\"button.default\">\r\n\t\t\t\t<div class=\"elementor-widget-container\">\r\n\t\t\t\t\t<div class=\"elementor-button-wrapper\">\r\n\t\t\t<a href=\"https:\/\/distribucionelectrica4.minem.gob.pe\/giz\/wp-content\/uploads\/2020\/07\/a.-Brochure-informativo-del-Programa-de-Capcitacion.pdf\" class=\"elementor-button-link elementor-button elementor-size-sm\" role=\"button\">\r\n\t\t\t\t\t\t<span class=\"elementor-button-content-wrapper\">\r\n\t\t\t\t\t\t<span class=\"elementor-button-text\">Descargar programa completo<\/span>\r\n\t\t<\/span>\r\n\t\t\t\t\t<\/a>\r\n\t\t<\/div>\r\n\t\t\t\t<\/div>\r\n\t\t\t\t<\/div>\r\n\t\t\t\t<div class=\"elementor-element elementor-element-9352c15 elementor-widget elementor-widget-spacer\" data-id=\"9352c15\" data-element_type=\"widget\" data-widget_type=\"spacer.default\">\r\n\t\t\t\t<div class=\"elementor-widget-container\">\r\n\t\t\t\t\t<div class=\"elementor-spacer\">\r\n\t\t\t<div class=\"elementor-spacer-inner\"><\/div>\r\n\t\t<\/div>\r\n\t\t\t\t<\/div>\r\n\t\t\t\t<\/div>\r\n\t\t\t\t<div class=\"elementor-element elementor-element-dd4dc54 elementor-widget elementor-widget-button\" data-id=\"dd4dc54\" data-element_type=\"widget\" data-widget_type=\"button.default\">\r\n\t\t\t\t<div class=\"elementor-widget-container\">\r\n\t\t\t\t\t<div class=\"elementor-button-wrapper\">\r\n\t\t\t<a href=\"https:\/\/distribucionelectrica4.minem.gob.pe\/giz\/?cat=151\" class=\"elementor-button-link elementor-button elementor-size-sm\" role=\"button\">\r\n\t\t\t\t\t\t<span class=\"elementor-button-content-wrapper\">\r\n\t\t\t\t\t\t<span class=\"elementor-button-text\">Ver cursos<\/span>\r\n\t\t<\/span>\r\n\t\t\t\t\t<\/a>\r\n\t\t<\/div>\r\n\t\t\t\t<\/div>\r\n\t\t\t\t<\/div>\r\n\t\t\t\t\t<\/div>\r\n\t\t<\/div>\r\n\t\t\t\t<div class=\"elementor-column elementor-col-50 elementor-top-column elementor-element elementor-element-e8202b4\" data-id=\"e8202b4\" data-element_type=\"column\">\r\n\t\t\t<div class=\"elementor-widget-wrap elementor-element-populated\">\r\n\t\t\t\t\t\t\t\t<div class=\"elementor-element elementor-element-0967ea7 elementor-widget elementor-widget-image\" data-id=\"0967ea7\" data-element_type=\"widget\" data-widget_type=\"image.default\">\r\n\t\t\t\t<div class=\"elementor-widget-container\">\r\n\t\t\t\t\t\t\t\t\t\t\t\t\t\t\t<img width=\"1024\" height=\"1002\" src=\"https:\/\/distribucionelectrica4.minem.gob.pe\/giz\/wp-content\/uploads\/2020\/07\/001-1024x1002.png\" class=\"attachment-large size-large\" alt=\"\" loading=\"lazy\" srcset=\"https:\/\/distribucionelectrica4.minem.gob.pe\/giz\/wp-content\/uploads\/2020\/07\/001-1024x1002.png 1024w, https:\/\/distribucionelectrica4.minem.gob.pe\/giz\/wp-content\/uploads\/2020\/07\/001-300x294.png 300w, https:\/\/distribucionelectrica4.minem.gob.pe\/giz\/wp-content\/uploads\/2020\/07\/001-768x752.png 768w, https:\/\/distribucionelectrica4.minem.gob.pe\/giz\/wp-content\/uploads\/2020\/07\/001-1536x1503.png 1536w, https:\/\/distribucionelectrica4.minem.gob.pe\/giz\/wp-content\/uploads\/2020\/07\/001-2048x2004.png 2048w, https:\/\/distribucionelectrica4.minem.gob.pe\/giz\/wp-content\/uploads\/2020\/07\/001-600x587.png 600w, https:\/\/distribucionelectrica4.minem.gob.pe\/giz\/wp-content\/uploads\/2020\/07\/001-560x548.png 560w\" sizes=\"(max-width: 1024px) 100vw, 1024px\" \/>\t\t\t\t\t\t\t\t\t\t\t\t\t\t\t<\/div>\r\n\t\t\t\t<\/div>\r\n\t\t\t\t\t<\/div>\r\n\t\t<\/div>\r\n\t\t\t\t\t\t\t<\/div>\r\n\t\t<\/section>\r\n\t\t\t\t\t\t<\/div>\r\n\t\t\t\t\t<\/div>\r\n\t\t","protected":false},"excerpt":{"rendered":"<p>Programa de Capacitaci\u00f3n:Transformaci\u00f3n hacia las Redes El\u00e9ctricas Inteligentes en Empresas de Distribuci\u00f3n El\u00e9ctrica El programa virtual\u00a0 en vivo que prepara a los profesionales del sector distribuci\u00f3n frente a la din\u00e1mica y tendencias de los mercados mundiales y las perspectivas en el desarrollo de la reforma el\u00e9ctrica propuesta por el MINEM plasmado en el marco conceptual [&hellip;]<\/p>\n<div class=\"pvc_clear\"><\/div>\n<p id=\"pvc_stats_7331\" class=\"pvc_stats all  \" data-element-id=\"7331\" style=\"\"><i class=\"pvc-stats-icon large\" aria-hidden=\"true\"><svg aria-hidden=\"true\" focusable=\"false\" data-prefix=\"far\" data-icon=\"chart-bar\" role=\"img\" xmlns=\"http:\/\/www.w3.org\/2000\/svg\" viewBox=\"0 0 512 512\" class=\"svg-inline--fa fa-chart-bar fa-w-16 fa-2x\"><path fill=\"currentColor\" d=\"M396.8 352h22.4c6.4 0 12.8-6.4 12.8-12.8V108.8c0-6.4-6.4-12.8-12.8-12.8h-22.4c-6.4 0-12.8 6.4-12.8 12.8v230.4c0 6.4 6.4 12.8 12.8 12.8zm-192 0h22.4c6.4 0 12.8-6.4 12.8-12.8V140.8c0-6.4-6.4-12.8-12.8-12.8h-22.4c-6.4 0-12.8 6.4-12.8 12.8v198.4c0 6.4 6.4 12.8 12.8 12.8zm96 0h22.4c6.4 0 12.8-6.4 12.8-12.8V204.8c0-6.4-6.4-12.8-12.8-12.8h-22.4c-6.4 0-12.8 6.4-12.8 12.8v134.4c0 6.4 6.4 12.8 12.8 12.8zM496 400H48V80c0-8.84-7.16-16-16-16H16C7.16 64 0 71.16 0 80v336c0 17.67 14.33 32 32 32h464c8.84 0 16-7.16 16-16v-16c0-8.84-7.16-16-16-16zm-387.2-48h22.4c6.4 0 12.8-6.4 12.8-12.8v-70.4c0-6.4-6.4-12.8-12.8-12.8h-22.4c-6.4 0-12.8 6.4-12.8 12.8v70.4c0 6.4 6.4 12.8 12.8 12.8z\" class=\"\"><\/path><\/svg><\/i> <img loading=\"lazy\" width=\"16\" height=\"16\" alt=\"Loading\" src=\"https:\/\/distribucionelectrica4.minem.gob.pe\/giz\/wp-content\/plugins\/page-views-count\/ajax-loader-2x.gif\" border=0 \/><\/p>\n<div class=\"pvc_clear\"><\/div>\n","protected":false},"author":1,"featured_media":0,"parent":0,"menu_order":0,"comment_status":"closed","ping_status":"closed","template":"","meta":{"inline_featured_image":false},"_links":{"self":[{"href":"https:\/\/distribucionelectrica4.minem.gob.pe\/giz\/index.php?rest_route=\/wp\/v2\/pages\/7331"}],"collection":[{"href":"https:\/\/distribucionelectrica4.minem.gob.pe\/giz\/index.php?rest_route=\/wp\/v2\/pages"}],"about":[{"href":"https:\/\/distribucionelectrica4.minem.gob.pe\/giz\/index.php?rest_route=\/wp\/v2\/types\/page"}],"author":[{"embeddable":true,"href":"https:\/\/distribucionelectrica4.minem.gob.pe\/giz\/index.php?rest_route=\/wp\/v2\/users\/1"}],"replies":[{"embeddable":true,"href":"https:\/\/distribucionelectrica4.minem.gob.pe\/giz\/index.php?rest_route=%2Fwp%2Fv2%2Fcomments&post=7331"}],"version-history":[{"count":49,"href":"https:\/\/distribucionelectrica4.minem.gob.pe\/giz\/index.php?rest_route=\/wp\/v2\/pages\/7331\/revisions"}],"predecessor-version":[{"id":9372,"href":"https:\/\/distribucionelectrica4.minem.gob.pe\/giz\/index.php?rest_route=\/wp\/v2\/pages\/7331\/revisions\/9372"}],"wp:attachment":[{"href":"https:\/\/distribucionelectrica4.minem.gob.pe\/giz\/index.php?rest_route=%2Fwp%2Fv2%2Fmedia&parent=7331"}],"curies":[{"name":"wp","href":"https:\/\/api.w.org\/{rel}","templated":true}]}}